3, 5, 569
List the prime factors of 55607.
17, 3271
List the prime factors of 7529.
7529
List the prime factors of 28753.
28753
What are the prime factors of 420?
2, 3, 5, 7
List the prime factors of 95429.
95429
List the prime factors of 4649.
4649
What are the prime factors of 837?
3, 31
List the prime factors of 10917.
3, 1213
List the prime factors of 27502.
2, 13751
What are the prime factors of 3208?
2, 401
What are the prime factors of 33529?
33529
List the prime factors of 267.
3, 89
What are the prime factors of 16862?
2, 8431
List the prime factors of 1317.
3, 439
What are the prime factors of 5058?
2, 3, 281
List the prime factors of 16541.
7, 17, 139
What are the prime factors of 45457?
131, 347
List the prime factors of 25563.
3, 8521
What are the prime factors of 6?
2, 3
List the prime factors of 36708.
2, 3, 7, 19, 23
List the prime factors of 14059.
17, 827
List the prime factors of 3206.
2, 7, 229
What are the prime factors of 1127?
7, 23
What are the prime factors of 1248?
2, 3, 13
What are the prime factors of 1636?
2, 409
List the prime factors of 3449.
3449
List the prime factors of 19865.
5, 29, 137
What are the prime factors of 5087?
5087
List the prime factors of 27537.
3, 67, 137
What are the prime factors of 64843?
61, 1063
List the prime factors of 14350.
2, 5, 7, 41
List the prime factors of 1564.
2, 17, 23
List the prime factors of 1237.
1237
What are the prime factors of 352?
2, 11
List the prime factors of 426.
2, 3, 71
List the prime factors of 82130.
2, 5, 43, 191
List the prime factors of 78750.
2, 3, 5, 7
What are the prime factors of 41728?
2, 163
List the prime factors of 6641.
29, 229
List the prime factors of 9956.
2, 19, 131
List the prime factors of 643.
643
List the prime factors of 1390.
2, 5, 139
What are the prime factors of 3312?
2, 3, 23
List the prime factors of 1991.
11, 181
List the prime factors of 981.
3, 109
List the prime factors of 4539.
3, 17, 89
What are the prime factors of 965?
5, 193
What are the prime factors of 4858?
2, 7, 347
List the prime factors of 83098.
2, 41549
What are the prime factors of 2411?
2411
List the prime factors of 1158.
2, 3, 193
List the prime factors of 37421.
23, 1627
What are the prime factors of 2304?
2, 3
What are the prime factors of 13443?
3, 4481
List the prime factors of 21369.
3, 17, 419
List the prime factors of 4788.
2, 3, 7, 19
What are the prime factors of 4293?
3, 53
List the prime factors of 3364.
2, 29
List the prime factors of 210.
2, 3, 5, 7
What are the prime factors of 648?
2, 3
What are the prime factors of 1358?
2, 7, 97
List the prime factors of 7161.
3, 7, 11, 31
List the prime factors of 77920.
2, 5, 487
What are the prime factors of 13703?
71, 193
What are the prime factors of 729?
3
List the prime factors of 16345.
5, 7, 467
List the prime factors of 10579.
71, 149
What are the prime factors of 13363?
7, 23, 83
What are the prime factors of 2772?
2, 3, 7, 11
What are the prime factors of 58180?
2, 5, 2909
What are the prime factors of 29894?
2, 14947
What are the prime factors of 8519?
7, 1217
What are the prime factors of 67492?
2, 47, 359
What are the prime factors of 66829?
7, 9547
What are the prime factors of 5545?
5, 1109
List the prime factors of 8604.
2, 3, 239
List the prime factors of 64463.
7, 9209
List the prime factors of 5983.
31, 193
List the prime factors of 24505.
5, 13, 29
What are the prime factors of 1189?
29, 41
What are the prime factors of 645?
3, 5, 43
List the prime factors of 2788.
2, 17, 41
What are the prime factors of 17838?
2, 3, 991
List the prime factors of 3014.
2, 11, 137
What are the prime factors of 783?
3, 29
What are the prime factors of 34212?
2, 3, 2851
What are the prime factors of 1603?
7, 229
List the prime factors of 4024.
2, 503
List the prime factors of 173508.
2, 3, 19, 761
What are the prime factors of 28745?
5, 5749
List the prime factors of 3723.
3, 17, 73
List the prime factors of 1224.
2, 3, 17
What are the prime factors of 654?
2, 3, 109
List the prime factors of 997.
997
What are the prime factors of 51802?
2, 59, 439
List the prime factors of 11110.
2, 5, 11, 101
List the prime factors of 14463.
3, 1607
What are the prime factors of 794?
2, 397
List the prime factors of 1128.
2, 3, 47
List the prime factors of 8238.
2, 3, 1373
What are the prime factors of 1385?
5, 277
List the prime factors of 1201.
1201
What are the prime factors of 140576?
2, 23, 191
List the prime factors of 18924.
2, 3, 19, 83
What are the prime factors of 270?
2, 3, 5
List the prime factors of 305.
5, 61
What are the prime factors of 8251?
37, 223
List the prime factors of 4863.
3, 1621
List the prime factors of 26542.
2, 23, 577
List the prime factors of 10844.
2, 2711
List the prime factors of 14842.
2, 41, 181
What are the prime factors of 31486?
2, 7, 13, 173
What are the prime factors of 839?
839
List the prime factors of 50844.
2, 3, 19, 223
What are the prime factors of 33440?
2, 5, 11, 19
What are the prime factors of 1272?
2, 3, 53
List the prime factors of 2792.
2, 349
What are the prime factors of 22836?
2, 3, 11, 173
What are the prime factors of 4127?
4127
What are the prime factors of 1331?
11
List the prime factors of 12357.
3, 1373
What are the prime factors of 8204?
2, 7, 293
What are the prime factors of 2354?
2, 11, 107
What are the prime factors of 8797?
19, 463
List the prime factors of 18513.
3, 11, 17
List the prime factors of 11899.
73, 163
What are the prime factors of 55008?
2, 3, 191
List the prime factors of 1496.
2, 11, 17
List the prime factors of 51.
3, 17
What are the prime factors of 3090?
2, 3, 5, 103
What are the prime factors of 1132?
2, 283
List the prime factors of 1038.
2, 3, 173
What are the prime factors of 54422?
2, 27211
What are the prime factors of 6855?
3, 5, 457
List the prime factors of 1670.
2, 5, 167
What are the prime factors of 143494?
2, 13, 5519
List the prime factors of 1910.
2, 5, 191
What are the prime factors of 821?
821
List the prime factors of 5635.
5, 7, 23
List the prime factors of 1708.
2, 7, 61
What are the prime factors of 6041?
7, 863
List the prime factors of 9989.
7, 1427
What are the prime factors of 59?
59
What are the prime factors of 23743?
23743
List the prime factors of 12034.
2, 11, 547
What are the prime factors of 50290?
2, 5, 47, 107
List the prime factors of 2125.
5, 17
What are the prime factors of 10705?
5, 2141
What are the prime factors of 20751?
3, 6917
What are the prime factors of 1207?
17, 71
What are the prime factors of 35847?
3, 7, 569
List the prime factors of 21516.
2, 3, 11, 163
What are the prime factors of 18047?
18047
What are the prime factors of 29747?
151, 197
List the prime factors of 2863.
7, 409
List the prime factors of 3646.
2, 1823
List the prime factors of 60300.
2, 3, 5, 67
List the prime factors of 17383.
17383
What are the prime factors of 174832?
2, 7, 223
What are the prime factors of 676?
2, 13
List the prime factors of 6840.
2, 3, 5, 19
List the prime factors of 1319.
1319
What are the prime factors of 1615?
5, 17, 19
What are the prime factors of 779?
19, 41
List the prime factors of 46987.
19, 2473
What are the prime factors of 1613?
1613
List the prime factors of 5044.
2, 13, 97
List the prime factors of 3937.
31, 127
List the prime factors of 1448.
2, 181
What are the prime factors of 709?
709
What are the prime factors of 7613?
23, 331
What are the prime factors of 8147?
8147
What are the prime factors of 570?
2, 3, 5, 19
What are the prime factors of 21732?
2, 3, 1811
What are the prime factors of 17680?
2, 5, 13, 17
List the prime factors of 2932.
2, 733
What are the prime factors of 46756?
2, 11689
List the prime factors of 20641.
20641
List the prime factors of 4523.
4523
What are the prime factors of 12469?
37, 337
List the prime factors of 744.
2, 3, 31
What are the prime factors of 12969?
3, 11, 131
List the prime factors of 98973.
3, 7, 1571
What are the prime factors of 6322?
2, 29, 109
List the prime factors of 1384.
2, 173
What are the prime factors of 11812?
2, 2953
What are the prime factors of 1136?
2, 71
What are the prime factors of 12218?
2, 41, 149
List the prime factors of 38064.
2, 3, 13, 61
List the prime factors of 1832.
2, 229
List the prime factors of 2875.
5, 23